2*g**2 - g. Let b(n) = 7*m(n) + 2*o(n). Is b(0) a composite number?
False
Let d(s) = -s**3 + 5*s**2 + s - 3. Let b be d(5). Suppose 230 = -b*t + 612. Is t a composite number?
False
Let p(a) = 4*a**2 + 5*a + 2. Is p(3) a prime number?
True
Suppose -2*z + 2*u = -2, -4*z + 22 = u + 4*u. Suppose 5*a - 4 - 1 = -5*o, a + 3*o = z. Suppose a = 5*p - 3*p - 70. Is p prime?
False
Let j(i) = 215*i + 4. Is j(3) composite?
True
Suppose 5*j - j + t = 330, -5*j - t + 413 = 0. Is j a composite number?
False
Let p be ((-3)/(-9))/((-2)/(-6)). Is p/2 - 375/(-10) a composite number?
True
Suppose -3*f = -11 - 10. Suppose -f*m = -11*m + 2164. Is m a prime number?
True
Suppose 2*j + 6352 = 4*l, 0 = j - 1 - 1. Is l prime?
False
Let p be 23/5 + (-20)/(-50). Suppose p*z = 10*z - 30. Is z a prime number?
False
Suppose -5*t + 12 = -13. Suppose q - 2*q = -t. Suppose o = q*o - 812. Is o prime?
False
Let l be ((-6)/(-4))/(8/(-48)). Is l/((-27)/(-12)) + 207 prime?
False
Is 4911/2*(6/(-18) - -1) prime?
True
Let w(t) = 4*t**2 - 3*t + 3. Is w(-5) prime?
False
Suppose -12*s = -458 - 94. Is s a composite number?
True
Let c = 2588 + 819. Is c prime?
True
Let i(v) = -5*v**2 + 9*v - 9. Let x(k) = -4*k**2 + 8*k - 8. Let n(q) = 5*i(q) - 6*x(q). Let m be n(-4). Is m/2*(2 - 228) composite?
False
Let i(w) = -w**3 + 3*w**2 + 5*w - 1. Let r be i(-4). Suppose 116 = -0*h + 2*h. Let s = r - h. Is s a composite number?
True
Let h = 9 - 6. Suppose -3*f = h*u - 657, f + 1 + 3 = 0. Is u a prime number?
True
Suppose 0 = -2*u - 3*p + 81, 3*u - 4*p = u + 74. Let a(n) = n**2 + 5*n + 4. Let b be a(-4). Suppose 0 = -4*j + 3*l + u, -3*l - 27 + b = -2*j. Is j composite?
True
Let k = 11 + -7. Let m = 8 - 5. Suppose 5*p + 2*f = -f + 76, -50 = -k*p + m*f. Is p a prime number?
False
Suppose -2*a + 8 = -3*a. Is (114/a - -1)*-4 a prime number?
True
Let l be ((-8)/(-5))/(2/5). Let m be (-263)/((-2)/l*2). Suppose -2 = -p + 3*p, -4*i = -3*p - m. Is i prime?
False
Is (-4890)/(-8) + (-7)/28 a prime number?
False
Let c(p) = p**3 + 5*p**2 + p + 6. Let w be c(-5). Is w + -4 + (-2596)/(-11) a prime number?
True
Let i = 44 + 142. Suppose w - i = -25. Is w composite?
True
Suppose -3*v - 13 = -181. Let f = -11 + 85. Suppose 0 = 2*q - f - v. Is q a prime number?
False
Is (-2)/(-1 + 393/399) composite?
True
Let m(h) = -5*h**2 - h + 2. Let u be m(-2). Is 201*(3 + u/6) a composite number?
False
Let g(n) = -4*n**3 + 2*n + 1. Let a be g(-1). Let w(s) = -a*s**2 + s**2 - 3*s + 5 + 3*s**2. Is w(5) a composite number?
True
Suppose 137*k - 4497 = 134*k. Is k prime?
True
Let f = 19 - -31. Let g = f - 17. Is g a prime number?
False
Let n(j) = j**3 + 21*j**2 + 21*j - 20. Is n(-17) a composite number?
True
Let t be 8252/12 - 2/(-6). Suppose 0 = 5*y - 2727 - t. Is y a prime number?
True
Let h(k) = k + 7. Let s(j) = 2*j + 6. Let o(t) = 3*h(t) - 2*s(t). Let p be o(5). Suppose -p*w = 101 - 865. Is w prime?
True
Suppose 3*z - 2*u = -536, 4*z - 444 = 4*u - 1152. Let x(f) = 17*f - 10. Let m be x(-7). Let g = m - z. Is g composite?
False
Let b = 1 + -1. Let t be -1*(-3 - (b - -1)). Suppose -t*n - 4*o + 51 = o, 4*n - 5*o = 61. Is n a prime number?
False
Let t(b) be the first derivative of b**3/3 + 2*b**2 - 2*b + 2. Let r be t(-4). Is (-3)/(1 - r)*-37 a prime number?
True
Suppose -3*d = 12, 2*q - 2 + 28 = -3*d. Let f = 19 - -7. Let x = f + q. Is x composite?
False
Suppose 5593 = 5*p - 712. Is p prime?
False
Let u = 6 - 4. Let y be (u - (-2 + -1)) + 0. Suppose 132 = y*f - f. Is f a composite number?
True
Let p(j) = j - 2. Let n be p(4). Suppose n*f = 7*f - 95. Is f composite?
False
Suppose t + 0 = 5. Suppose -2*g - 2*g + 127 = -3*k, -4*k - 158 = -t*g. Is g prime?
False
Suppose 0 = 2*h - 2*y - 14, 3*y - 3 = -2*h + h. Suppose 3*q - h*q = -597. Suppose 4 - q = -5*n. Is n composite?
True
Suppose 0 = -0*b + 2*b - 10. Let z(q) = -2*q - 2. Let n(x) = -2*x - 1. Let g(v) = b*z(v) - 4*n(v). Is g(-6) prime?
False
Is 2/(-10) + (-15558)/(-15) composite?
True
Let b(c) = 2*c**2 + 4*c + 3. Let s be b(-2). Suppose -s*r + 4*k + 135 = 0, 4*k + k - 15 = 0. Is r a prime number?
False
Suppose 3*x - 2*b - 725 - 1996 = 0, 4*x - 3628 = -2*b. Is x a composite number?
False
Suppose 0 = 2*s - 2, -167 - 1385 = -3*f - s. Is f composite?
True
Suppose -11*v + 10*v = -2513. Is v prime?
False
Is 0/2 - -3 - (-546)/3 composite?
True
Let c = 4997 - 2536. Is c prime?
False
Let o(t) = -3*t**3 + 3*t**2 + 2*t - 1. Is o(-2) composite?
False
Let h be -3*(3 + 748/(-12)). Suppose -2*g + 0*g + h = 0. Is g a composite number?
False
Let k(s) = -2*s**2. Let t be k(1). Is 2/(0 + t) - -27 composite?
True
Let r be 84/(-9) - (-4)/(-6). Suppose -x - 130 = -3*x. Let c = r + x. Is c a prime number?
False
Let f = 11 + -11. Suppose -5*z = -f*z - 745. Is z a composite number?
False
Let z = 22 + -38. Is (-3284)/z + (-1)/4 composite?
True
Let w = 4 + -1. Suppose -2*u + 5*i + 165 = 0, -u + 2*i - 144 = -w*u. Suppose -3*o + u = 2*o. Is o a prime number?
False
Let x(k) = 630*k**3 - k**2 + k + 1. Is x(1) composite?
False
Let y be 3*-2*2/(-6). Suppose 4 = -y*k, -m + 6*k + 259 = 2*k. Is m a prime number?
True
Let q = 191 + 157. Let t = q - 127. Is t composite?
True
Let d(o) = 145*o**2 - o + 1. Let b be d(1). Suppose -b = -3*h + 182. Is h composite?
False
Let t = 256 + 1029. Is t composite?
True
Is 1844 - (-1*2)/((-6)/(-9)) composite?
False
Let d be (5/(-10))/((-1)/12). Let p = -20 + d. Is (-78)/12*(p - 0) a composite number?
True
Let j = 126 - 37. Is j composite?
False
Is 2 + (-3 - (2 - 1)) - -1153 prime?
True
Let b(p) = 18*p**3 + 3*p**2 - p. Let a be b(2). Suppose 2*h + a = 4*h. Is h a prime number?
False
Suppose 0 = 5*d - 5*z - 780, -d + 3*z + 173 - 19 = 0. Let i be d/(-1) - (-1 - -1). Let u = i + 348. Is u composite?
False
Suppose 4*z - 2*x - 652 = 0, 0*x - x + 815 = 5*z. Is z prime?
True
Suppose 605 = 4*h + 5*k, h - 5*k - 38 - 82 = 0. Is h prime?
False
Suppose -2*x - 30 = 3*x. Is 7/(-42) - 199/x prime?
False
Let f(w) = w - 7. Let j be f(7). Is 0 - (0 - (j + 33)) composite?
True
Let v = 325 - 146. Is v a prime number?
True
Suppose 0 = -4*y - 2*z + 1236, -z - 12 = -4*z. Is y prime?
True
Let i(n) = 172*n**3 + n**2 - 1. Let a be i(1). Let t = a - -13. Is t a prime number?
False
Let n be 6*1/2*23. Suppose -5*a + 26 = -n. Is a composite?
False
Let h(r) = -r**3 - 3*r**2 + 4*r + 4. Let a be h(-3). Let i(f) = f**2 + 4*f - 11. Is i(a) composite?
True
Suppose -d - 449 = -2*d. Is d composite?
False
Let x(b) = b**3 - 4*b**2 - 4*b - 2. Let s be x(5). Is 28 - (-1 - -2)*s a composite number?
True
Suppose 0*a - 6 = 3*a. Let c = 21 + a. Is c a prime number?
True
Suppose -290 = -2*b + 5*i, -290 = -2*b - 0*b + 3*i. Is b prime?
False
Suppose 0 = 5*f + 2*k - 30, -5*f = -6*f - k + 9. Suppose -3*o - 1952 = -f*w, -1364 - 95 = -3*w + o. Is w a prime number?
False
Suppose 5*y + 2*s = 244, 0 = -2*s + s - 3. Let l = y - 13. Is l a prime number?
True
Let p(w) be the first derivative of -w**3/3 - 9*w**2/2 - 3*w + 1. Is p(-7) prime?
True
Suppose 3*g + g = 5*o - 1803, -2*o - 2*g + 714 = 0. Is o a prime number?
True
Let m = -181 + 254. Let l be 9 + 1 + -1 + 2. Suppose -l = 2*a - m. Is a composite?
False
Let w be (1 + -2)/(4/140). Let v = 13 - -47. Let x = v + w. Is x composite?
True
Suppose w - 1 = -4*h - 29, 2*w = 4*h + 40. Let x be 8/32 - 606/h. Let q = 3 + x. Is q composite?
False
Suppose 2*s - 412 = 250. Is s composite?
False
Let s(x) be the third derivative of x**5/30 - 7*x**4/24 + 5*x**3/6 - x**2. Is s(6) prime?
False
Let z(w) = -4*w - 2. Let t be z(-5). Let f(u) = -u**3 + 6*u**2 - 5*u - 1. Let g be f(5). Let r = t - g. Is r prime?
True
Suppose 5*t - 999 = -v, 3*t - 581 = 5*v - v. Is t prime?
True
Let i(n) = 2*n - 4. Let l be i(3). Suppose -3*c + 4 = -c. Suppose -5*b = -0*y + l*y - 265, 295 = c*y - b. Is y prime?
False
Let w(r) = 0*r**3 + 3*r**3 + 1 - 4*r**3. Let j be w(0). Let a(d) = 38*d**3 - d**2 - d + 1. Is a(j) a prime number?
True
Let w = -1 - -1. Suppose w*g = 2*g + 10, -3*d + g + 482 = 0. Is d prime?
False
Suppose -1338 = -0*k - 6*k. Let m = -96 + k. Is m composite?
False
Let n = -3 + 7. Let p = -1 - n. Let f = p - -36. Is f a composite number?
False
Suppose 6*g = 4*g. Let h(u) = -2 - 3 + g*u**3 + u**3 + 4. Is h(2) prime?
True
Let u = 1137 + 1604. Is u prime?
True
Let w(g) be the third derivative of g**6/120 + g**5/10 + g**4/